 of 54 and o.
54
Let w = 14525 - 14122. What is the highest common factor of w and 248?
31
Let s(z) = -13*z**2 - 47*z + 19. Let j be s(-12). Let q be (j/(-5) - (-40)/(-50)) + 2. Calculate the highest common divisor of 7 and q.
7
Suppose -4*o - 4 = 0, 0*o - 2*o - 17 = v. Let t be (-23)/(-2) + (v/(-6) - 3). Suppose 0 = 4*f + 2*f - 6. What is the highest common factor of f and t?
1
Suppose 0 = 9*i - 16*i + 231. Suppose -101*o + 104*o = 792. Calculate the highest common divisor of o and i.
33
Let s be 30/((-6)/(-27)*216/48). What is the greatest common factor of s and 1240?
10
Suppose 32*q + 161 = 30*q - 5*h, -184 = 3*q - 4*h. Let j = q - -101. Calculate the highest common divisor of j and 209.
11
Suppose -6642 = -4*h + 2*s, 3*h - 2066 - 2899 = -4*s. What is the greatest common factor of 42 and h?
21
Let p(z) = z**2 + 4*z - 8. Let i be p(-9). Let x = -27 + i. Let g be x/15 - 1504/(-12). What is the greatest common factor of g and 18?
18
Let m(x) = 126*x**2 + x. Suppose -35*z - 42 = -7. Let f be m(z). Calculate the greatest common factor of f and 50.
25
Let i(n) = n**3 + 8*n**2 + 8*n - 3. Let w be i(-6). Let q = -2062 + 1410. Let p = 655 + q. What is the highest common factor of w and p?
3
Let z = 6949 + -5987. What is the greatest common factor of 296 and z?
74
Let h(o) = -18*o**3 + o**2 - o + 15*o**3 - 39*o**3. Suppose 0 = 34*j - 12*j + 22. Let u be h(j). What is the highest common divisor of 44 and u?
44
Let s = 4775 - 4075. What is the highest common factor of s and 252?
28
Suppose -5*v + 9 = -11, -5*g - 2*v = -618. Let a = g - 57. What is the highest common divisor of 195 and a?
65
Let f = 1347 - 1284. Calculate the greatest common divisor of f and 273.
21
Suppose -190*y = -127*y - 3465. Let s be ((-11)/(-2))/(2/4). Calculate the greatest common factor of s and y.
11
Let r = -386 - -878. What is the highest common divisor of 12 and r?
12
Suppose 19*t + 538 = 3027 - 133. Let m be 1/(-2)*-4 - -81. Suppose -3*g + m = -2*w, 2*g + 2*g - 104 = 4*w. Calculate the highest common divisor of t and g.
31
Let b(y) = 53*y + 5. Let j be b(5). Suppose -2*h + n + 121 = 0, -45*h + 49*h = 5*n + 245. What is the greatest common factor of j and h?
30
Let m = 2 - -43. Let f be (-32)/(-10)*4*(-6 - -1). Let j = -49 - f. What is the highest common factor of j and m?
15
Suppose -2*k + 35 = -21. Let h = 43 - 37. Suppose 2772 = 5*d + h*d. What is the highest common divisor of k and d?
28
Let w be (18/(-1))/(24/(-16)) - -4. Suppose -k - 4*v + 76 = 32, -5*k - 3*v + 237 = 0. Calculate the greatest common factor of w and k.
16
Let f be 4/8*8 - (-6 + 6). Suppose 0*d - 285 = -2*d + 3*u, -2*d = f*u - 320. Calculate the greatest common factor of d and 30.
30
Let d be 49560/59*2/4. Calculate the highest common divisor of 144 and d.
12
Let b be (-50)/(((-152)/(-272))/19). Let i be 2 - 2 - b/17. Suppose -88 = -2*l - 4*r, -3*l + 28 + 84 = -4*r. What is the highest common factor of i and l?
20
Let q be (0 + (-162)/15)/((-128)/320). Suppose -6*w + 1392 = -4*w - 3*m, 3*w = -2*m + 2114. Calculate the greatest common divisor of w and q.
27
Let n be (-12)/(-8)*2338/(-21). Let t = -97 - n. Let j be (-2)/9 - (-384)/27. What is the greatest common divisor of j and t?
14
Let f = 32 + 10. Suppose 4*v + f = c - v, 3*v + 38 = c. Suppose 36 = 2*x - 4*g, -4*x = -11*g + 8*g - 107. What is the greatest common divisor of c and x?
32
Suppose 7*c + 21*c - 32944 - 2224 = 0. Calculate the highest common divisor of c and 2983.
157
Let z(u) = -22*u**2 + 39*u + 20*u**2 + 62 - 26. Let c be z(19). Calculate the greatest common divisor of c and 22.
11
Let r(y) = -2*y + 9. Let k be r(3). Suppose -54 = -k*g - 0*g. Suppose c - g - 10 = 0. Calculate the highest common factor of 14 and c.
14
Let q = 1622 + -1544. Calculate the greatest common factor of q and 104.
26
Let y be (1596/684)/(7/12). Calculate the greatest common divisor of 2866 and y.
2
Let k(a) = a**2 + 12*a - 28. Suppose -14*n + 19*n + 60 = 0. Let r(y) = y - 4. Let z be r(n). Let s be k(z). What is the greatest common divisor of s and 18?
18
Suppose -2*b - 3*p + 26 = 0, -9*b = -4*b + 2*p - 54. Suppose b*t = 395 + 205. Calculate the highest common factor of t and 60.
60
Suppose 0*o = -4*o + 24. Let t be (2/(-20)*-2)/((-43)/(-430)). Let q be (47/t)/(3/o). What is the highest common factor of q and 517?
47
Let y be (12/(-3) - -3 - -1)/2. Suppose 3*z + 9*l - 4*l - 1194 = y, 4*z - 1621 = 3*l. Calculate the highest common factor of 31 and z.
31
Let a = 183969 + -183956. Let k = 132 + 11. Calculate the greatest common divisor of k and a.
13
Suppose 5 = r - 2*r, 2*r = -5*i + 2535. Let k = i - 167. What is the greatest common factor of k and 38?
38
Suppose -7 - 3 = -5*r. Suppose -3*f + 11 - r = -2*l, 3*f - 21 = -2*l. Let z be 9/(l/(-12)*-4). What is the highest common factor of z and 9?
9
Suppose 155*s + 9216 = -153*s + 310*s. What is the highest common divisor of 54 and s?
18
Let m be (-6)/(-15) + 6/(-15). Let b = 288 + m. What is the greatest common divisor of b and 36?
36
Let s = 310 - 515. Let y = -160 - s. What is the highest common factor of y and 10?
5
Suppose -2*k + w = -39209, 28*k = 26*k + 2*w + 39208. Calculate the greatest common factor of 15 and k.
15
Suppose 4*s - 2*c = 3692, s - 2*c = -91 + 1005. Calculate the greatest common divisor of 2 and s.
2
Let q(d) be the second derivative of 5*d**3/3 - 13*d**2 - 163*d. Let y be q(11). Calculate the greatest common divisor of 224 and y.
28
Let m(d) = -2*d**2 - 12*d - 10. Let b be m(-3). What is the greatest common factor of b and 206?
2
Let r = 331 - 232. Let m = -256 - -372. Suppose 0 = 8*s - 148 - m. Calculate the greatest common factor of r and s.
33
Suppose -31*f - 4*x - 46 = -32*f, -138 = -5*f - 3*x. Calculate the greatest common divisor of f and 2370.
30
Suppose 21*q - 41 = 1. Suppose 2*a + 11*j = 10*j + 994, q*j - 1493 = -3*a. Calculate the greatest common factor of a and 198.
99
Let x = -33 - -39. Suppose -3*z = -c - 8, 2*c - 6 - 11 = -5*z. What is the greatest common factor of x and z?
3
Let b = -6 - -20. Suppose 13 = b*j - 71. Let n(u) = -29*u**3 + u**2. Let k be n(-1). What is the greatest common divisor of k and j?
6
Let o(l) = 7*l + 2476. Let c be o(-67). What is the greatest common divisor of 9 and c?
9
Let w = 52 + -21. Let g(x) = x**2 - 19. Let b be g(-5). Suppose v - 5*p - 37 = 0, -v + 8*p = b*p - w. What is the highest common divisor of v and 3?
3
Suppose a - 1 - 1 = -s, -a = 2*s - 6. Suppose 9*i + 2*z = 8*i + 12, 4*z = -s*i + 52. What is the highest common divisor of i and 56?
14
Let j(m) = -2*m + 34. Let c = -16 + 31. Let t be j(c). What is the greatest common divisor of t and 5?
1
Suppose -23*b - 89 = -1377. Suppose -2 + 6 = 4*a. Let s be 0 - 0 - (a + -8). Calculate the highest common factor of s and b.
7
Suppose 0 = 539*w - 1089959 - 4187929. What is the highest common divisor of 360 and w?
72
Let u be 6/26 - (-8855)/5005. Let o(i) be the second derivative of i**3/6 + 6*i**2 + 2*i. Let n be o(-9). Calculate the highest common factor of n and u.
1
Suppose 0 = -57*d + 59*d + 4, -3*h = -5*d - 34. What is the highest common divisor of 704 and h?
8
Suppose -2*l + 76 = -80. Let i = 143 - l. Calculate the highest common factor of 52 and i.
13
Let g be 28/7 - (4 - 5). Suppose 3*n - g*r - 8 = 0, 4*n = 2*r - r + 39. What is the highest common factor of n and 11?
11
Let i(l) = -l + 12. Let p be i(0). Let b(w) = -w**2 + 232*w + 5340. Let j be b(-20). Calculate the greatest common factor of p and j.
12
Let q be (1 + 1)/((-28)/4 - -9). Let b(s) = 138*s**2 + 2. Let g be b(q). Let z be (14/12)/(8/(-120))*-2. What is the greatest common divisor of g and z?
35
Suppose 2*a - 10 = 0, 5*a = 5*f + 155 + 4540. Let s = f - -1004. Calculate the highest common divisor of 130 and s.
10
Suppose b = -5*t + 139, 0 = -b - 595*t + 594*t + 147. What is the greatest common divisor of b and 8?
1
Let p(m) = -m**3 + 8*m**2 - 1. Let y be p(5). Let a = y + -66. Suppose -93 + 13 = -a*c. What is the highest common divisor of c and 50?
10
Let z(y) = 3*y + 4. Let j(q) = 2*q + 3. Let s(x) = 7*j(x) - 5*z(x). Let m be s(-2). Suppose m*f + 2*f = 320. What is the highest common factor of 8 and f?
8
Let i be 4/(-6) + 5/3. Let k be 14 - 1/((-10)/(-110)). Suppose 0 = 5*a + k*r - 10, 10 = 5*a - 36*r + 34*r. What is the greatest 